{"id":1062,"date":"2019-10-16T20:43:30","date_gmt":"2019-10-16T20:43:30","guid":{"rendered":"http:\/\/www.boutsdchoux.com\/?page_id=1062"},"modified":"2019-10-16T20:43:30","modified_gmt":"2019-10-16T20:43:30","slug":"programmes","status":"publish","type":"page","link":"https:\/\/boutsdchoux.com\/eng\/programmes\/","title":{"rendered":"Programmes"},"content":{"rendered":"<ul>\n<li>Bas\u00e9s sur le cadre d&#8217;apprentissage des jeunes enfants \u00e0 la port\u00e9e de tous (C.A.P.E )qui est un guide destin\u00e9 a \u00e9tayer les approches didactiques et p\u00e9dagogiques que la province de L\u2019Ontario utilise dans le milieux de la petite enfance.<\/li>\n<li>Centre d\u2019activit\u00e9s multiples et diverses.<\/li>\n<li>Art, mouvements cr\u00e9atifs, et musique.<\/li>\n<li>Jeux d\u2019ext\u00e9rieurs.<\/li>\n<li>Sorties estivales comprises (Parcs aquatiques, biblioth\u00e8ques, fermes, cin\u00e9mas, etc\u2026).<\/li>\n<\/ul>\n","protected":false},"excerpt":{"rendered":"<p>Bas\u00e9s sur le cadre d&#8217;apprentissage des jeunes enfants \u00e0 la port\u00e9e de tous (C.A.P.E )qui est un guide destin\u00e9 a \u00e9tayer les approches didactiques et p\u00e9dagogiques que la province de L\u2019Ontario utilise dans le milieux de la petite enfance. Centre d\u2019activit\u00e9s multiples et diverses. Art, mouvements cr\u00e9atifs, et musique. Jeux d\u2019ext\u00e9rieurs. Sorties estivales comprises (Parcs aquatiques, biblioth\u00e8ques, fermes, cin\u00e9mas, etc\u2026).<\/p>\n","protected":false},"author":2,"featured_media":0,"parent":0,"menu_order":0,"comment_status":"closed","ping_status":"closed","template":"page-full-width.php","meta":{"nf_dc_page":"","footnotes":""},"class_list":["post-1062","page","type-page","status-publish","hentry"],"jetpack_sharing_enabled":true,"_links":{"self":[{"href":"https:\/\/boutsdchoux.com\/eng\/wp-json\/wp\/v2\/pages\/1062","targetHints":{"allow":["GET"]}}],"collection":[{"href":"https:\/\/boutsdchoux.com\/eng\/wp-json\/wp\/v2\/pages"}],"about":[{"href":"https:\/\/boutsdchoux.com\/eng\/wp-json\/wp\/v2\/types\/page"}],"author":[{"embeddable":true,"href":"https:\/\/boutsdchoux.com\/eng\/wp-json\/wp\/v2\/users\/2"}],"replies":[{"embeddable":true,"href":"https:\/\/boutsdchoux.com\/eng\/wp-json\/wp\/v2\/comments?post=1062"}],"version-history":[{"count":0,"href":"https:\/\/boutsdchoux.com\/eng\/wp-json\/wp\/v2\/pages\/1062\/revisions"}],"wp:attachment":[{"href":"https:\/\/boutsdchoux.com\/eng\/wp-json\/wp\/v2\/media?parent=1062"}],"curies":[{"name":"wp","href":"https:\/\/api.w.org\/{rel}","templated":true}]}}